3 + 2*z**2 + 2*z. Let y(g) = 2*b(g) + t(g). Determine y(3).
-7
Let q(x) be the second derivative of -x**5/20 - x**4 - x**3/6 - 3*x**2 + 76*x. Determine q(-12).
6
Let i(t) = -2*t**2 + 8*t - 4. Let v(c) = c**2 - 7*c + 3. Let u(w) = -2*i(w) - 3*v(w). Calculate u(-4).
-5
Let q(y) = -7*y - 6. Let s(z) = -13*z - 11. Let a(t) = -11*q(t) + 6*s(t). Suppose 330 = -30*m + 150. Calculate a(m).
6
Let s be -1*(0/3 + (3 - 1)). Let m be (0/(-4) + -1)*1 - s. Let z(r) = 10*r**2 - 1. Determine z(m).
9
Let d(b) = -b. Let t(m) = -10*m**2 + 6*m - 1. Let z be (4 + -2 - -6) + -3. Suppose 5*w = -0*w + z. Let u(r) = w*t(r) + 6*d(r). Calculate u(-1).
-11
Let b(v) = 10*v**2 - 50*v - 12. Let c(o) = -2*o**2 + 10*o + 3. Let a(t) = -3*b(t) - 16*c(t). What is a(6)?
0
Let w(m) = 5*m - 12. Let q(s) = 4*s**2 - s - 2. Let x be q(-1). Determine w(x).
3
Let i = -757 + 759. Let g(k) be the first derivative of -k + 11 + 1/2*k**i. Give g(1).
0
Let u(s) = -s**2 + 9*s - 4. Let y be (-396)/(-110) - (-2)/5. What is u(y)?
16
Let j(f) = f**2 + 2*f - 3*f**2 - f**3 - 3*f**3. Let c = 405 + -407. What is j(c)?
20
Let c(d) be the third derivative of -d**6/120 + d**5/4 - 13*d**4/24 - 2*d**3 - 663*d**2. Determine c(14).
2
Let a(t) be the second derivative of -t**3/3 - t + 26. Calculate a(2).
-4
Let p(u) = 10*u - 1. Let f(y) = 9*y - 1. Suppose w + b = -1, 0 = 4*w - 2*b + 7 + 21. Let a(c) = w*p(c) + 6*f(c). Give a(-3).
-13
Let b(u) be the third derivative of u**5/12 + u**4/12 - 305*u**2. What is b(1)?
7
Let l(h) = 4*h**2 + 2*h + 2. Suppose 2*p = -2*q, 2*p - 6*q - 3 = -7*q. What is l(p)?
44
Suppose 4*n - 5*p + 1 = n, -10 = -4*n + p. Let d(m) be the first derivative of -1/4*m**4 - m**2 - 4/3*m**n + 2*m + 1. Calculate d(-2).
-2
Suppose 14*z - 9*z - 5 = 0. Let x(w) = 2 - z + 18*w - 20*w. What is x(1)?
-1
Let c(m) = -m - 3. Suppose -2*l = 2 + 4, 0 = -w + 5*l + 23. Suppose a - d = -9, 3*a + 5 = w*a + 5*d. What is c(a)?
1
Let u(p) = -8*p + 1. Let d(w) = -w**2 + 4*w - 5. Let y be d(2). Determine u(y).
9
Let c(w) = 7*w**3 - 9*w**2 + 9*w + 22. Let a(l) = 5*l**3 - 8*l**2 + 8*l + 18. Let f(r) = 6*a(r) - 5*c(r). Determine f(2).
-48
Let j(t) = -3*t**3 - 21*t**2 + 17*t + 35. Let z(b) = -2*b**3 - 10*b**2 + 8*b + 18. Let y(n) = -3*j(n) + 5*z(n). Determine y(12).
-3
Suppose 0 = 439*z - 433*z - 24. Let p(f) = -f**2 + 8*f + 5. Calculate p(z).
21
Let n(p) = -p**3 + 3*p**2 + 14*p - 6. Let w(o) = o**3 - 7*o**2 - 28*o - 14. Let i be w(10). Give n(i).
-30
Let r(q) be the second derivative of q**4/12 - 23*q**3/6 - 3*q**2 + 429*q + 2. Give r(23).
-6
Let o(q) = -6*q**2 - 15*q + 9. Let z be -3 + 6*4 - 4. Let k(j) = -4*j + 9*j + 0 - 3 + 2*j**2. Let f(p) = z*k(p) + 6*o(p). Determine f(-4).
-9
Let k(a) be the first derivative of a**4/4 + 3*a**3 + 7*a**2/2 - 2*a - 166. Suppose -1 + 41 = -5*s. Determine k(s).
6
Let w be 3 - 48/14 - 961/(-217). Let u(d) = 4*d - 1. Determine u(w).
15
Let j(g) = -4*g**2 + 1. Suppose -3*c - 27 = -3*m, 4*m - 3*c + 2*c - 45 = 0. Let l(v) = -v**3 + 7*v**2 + 8*v + 9. Let n be l(8). Let k be 2/8 + n/m. Give j(k).
-3
Let a(u) = -u**3 - u**2 + 12*u + 4*u**2 - 1 - 4*u**2 - 14*u. Calculate a(2).
-17
Let a be 1 + 1 + (-1 - -2). Let k be (-4)/a*(-27)/6. Let r(m) = -m**2 + 14*m - 6. Let s(p) = p**2 - 12*p + 6. Let z(w) = 2*r(w) + 3*s(w). Calculate z(k).
-6
Let q(y) = -798 + 2*y - 6*y + 802 - y**2. What is q(-3)?
7
Let b(r) be the third derivative of -r**4/6 - 5*r**3/6 - 18*r**2. Determine b(-4).
11
Let b(g) be the third derivative of 0 - 8*g**2 - 1/12*g**4 + 0*g + 1/10*g**5 + 1/6*g**3. Determine b(1).
5
Let t(b) = -b + 8. Let g be t(3). Suppose -g*w - 15 = -8*w. Let q(f) = f**3 - 4*f**2 - 2*f - 7. What is q(w)?
8
Let o(d) = -3*d**3 + 17*d**2 - 8*d - 5. Let v be o(5). Let k(i) = i**2 - 6*i + 9. What is k(v)?
4
Let n(t) = 3*t**3 - 2*t + 1. Let b = 0 + 3. Suppose -9*w = -28 - 8. Let f = w - b. What is n(f)?
2
Let a(j) = 4*j. Suppose -131*r + 145*r - 14 = 0. Give a(r).
4
Let a(b) = b**2 + 6*b + 7. Suppose 0 = -k + 5*h - 10, -3 = 2*k - h + 8. Let v be a(k). Suppose -4*g + 2*g = -v. Let o(w) = 10*w**3 - w + 1. What is o(g)?
10
Suppose n - 35 = -6*n. Suppose 0*y - 5*y = n. Let g(w) = -7*w**2 - w. Determine g(y).
-6
Let x = -2 + 3. Let a(d) = -d - 22. Suppose -14*f + 17*f + 66 = 0. Let j(n) = 2. Let t(w) = f*j(w) - 2*a(w). Calculate t(x).
2
Let q(z) = -3*z. Suppose -178 = -12*y - 214. Calculate q(y).
9
Let u(n) = -11*n**2 - 19*n + 16*n**2 + n**2 + n**3 + 13*n**2 + 16. Calculate u(-20).
-4
Let q(s) = -11*s - 3. Let w(o) = -o**3 + 39*o**2 + 40*o + 2. Let j be w(40). Determine q(j).
-25
Suppose j = -3*j - 24. Let a(i) = -7*i - 6. Let y(d) = -90*d + 157*d - 25*d + 35. Let z(b) = j*y(b) - 35*a(b). Give z(1).
-7
Let o(w) be the first derivative of 7*w**2/2 + 5*w + 20. Let z be o(-1). Let a(y) = 3*y. Calculate a(z).
-6
Let p(w) be the third derivative of 0*w - 1/24*w**4 + 0 + 1/6*w**3 + 13*w**2. What is p(6)?
-5
Let u(k) be the second derivative of k**4/6 + 13*k**3/6 + 15*k**2/2 - k - 260. Calculate u(-6).
9
Let o(g) = 2*g + 2493 - 7485 - g**2 + 2497 + 2498. Suppose 0 = -k - 1 + 5. Determine o(k).
-5
Suppose -3*q + 12 = 0, 3*o - 2 = q - 0. Let n(m) = m**o + 1 + 6*m - 6*m. Give n(0).
1
Let v be (5 + 2/(-2))*15/(-4). Let m = v + 9. Let k(r) = -r**3 - r**2. Let g(i) = 7*i**3 + 12*i**2 + i + 6. Let o(n) = g(n) + 6*k(n). Determine o(m).
0
Let l(z) = z**3 + 25*z**2 + 10*z + 6. Let p(o) = -o**3 - 20*o**2 - 9*o - 5. Let d(j) = 5*l(j) + 6*p(j). What is d(3)?
6
Let i(c) = c**3 + c - 7. Let o(m) = m + 4. Let f be o(3). Suppose f - 1 = 2*r. Suppose -16 = -4*k, r*y + k - 3*k = -8. Give i(y).
-7
Let o(q) = -20*q + 13 - 6 + 13*q + 8*q + 1. Let c(x) = -x**3 - 4*x**2 - 2*x - 3. Let y be c(-3). Give o(y).
2
Let q(r) = 63*r + 317. Let v be q(-5). Let o(n) be the second derivative of 1/2*n**v + 0 - 7*n + 1/3*n**3. Calculate o(-3).
-5
Let m(w) = -4*w**2 + 20*w + 27. Let p be m(6). Let u(o) be the third derivative of 0 - 4*o**2 + 0*o**4 - 1/60*o**5 + 0*o**p - 1/40*o**6 + 0*o. Calculate u(1).
-4
Let o(l) = l + 11. Let m be o(-8). Let k(u) = -4*u - 1. Let j(d) = -d. Let x(a) = -a**2 + a + 1. Let n be x(-1). Let q(s) = n*k(s) + 5*j(s). Give q(m).
-2
Let g(i) = -i**3 + 4*i**2 + 3*i + 6. Suppose 5*t - 4*z - 33 = -2*z, -24 = -4*t + z. What is g(t)?
-4
Suppose -3*i + 5*u + 8 = 0, i = -u - u - 1. Let n(g) = -14*g - 1. Give n(i).
-15
Let o(m) = -m**3 - 5*m + 1. Let x(z) = -z**3 - z**2 - 6*z + 1. Let y(i) = 7*o(i) - 6*x(i). What is y(5)?
31
Let y(s) be the third derivative of s**6/120 + s**5/20 - 5*s**4/24 + 54*s**2. Calculate y(-4).
4
Let r(i) be the third derivative of -i**6/120 + i**5/20 + 5*i**4/24 - 5*i**3/6 - i**2 + 125*i. Calculate r(4).
-1
Let f(k) = 3*k - k**3 + 3*k + 0 + 5*k**2 + 7. Suppose 4*p - 4*x - 32 = 0, 2*x + 27 = 5*p - 7. Calculate f(p).
7
Let f = 17 - 14. Let p be (4/(-3))/(f/(-9)). Let i(w) = -8*w - w**2 - p + 4*w - w + 0*w**2. Calculate i(-3).
2
Let x(n) = -7*n. Let w(o) = 16*o + 2. Let q(m) = 2*w(m) + 5*x(m). Determine q(8).
-20
Let b(v) = -2*v**2 + 3*v + 2. Let i = 278 - 280. What is b(i)?
-12
Let j = -1500 + 1500. Let i(a) be the third derivative of 5*a**2 + 0*a + 1/3*a**3 - 1/60*a**6 + 0*a**4 + j + 0*a**5. What is i(-2)?
18
Let d(m) = -m**3 + 4*m**2 + 6*m + 6. Let j be (2/(-4))/(7/(-70)). Determine d(j).
11
Let m(z) = -8*z + 1. Suppose 77 = 47*u - 17. Calculate m(u).
-15
Let d = 577 - 575. Let n(f) = f**3 - 2*f**2 + f + 1. Give n(d).
3
Let v = 3104 + -3096. Let h(w) = -3 - 5*w**2 + 9*w - w**2 + 5*w**2. What is h(v)?
5
Let v(t) = 5*t**2 + 8*t + 7. Let f(b) = 8*b - 6*b - 5*b - 14 - 11*b**2 - 13*b. Let r(h) = -3*f(h) - 7*v(h). Determine r(-5).
-17
Let i(m) = 8 + 1 - m - 16 + 8. Let v(n) = 3*n - 4. Let z(b) = -b**3 - 11*b**2 - 11*b - 11. Let d be z(-10). Let s(x) = d*v(x) - 5*i(x). What is s(-7)?
-15
Let q(j) = 6 - 3 - 1 - j + 4. Give q(15).
-9
Let x(s) = 2*s**3 - 2*s**2 - 3*s + 3. Let m(v) = -8*v - 14. Let w be m(-2). Give x(w).
5
Suppose -2 = t - 4. Suppose 0 = -t*i + 8. Let d(k) = -k + 5 + 4*k + i*k - 6*k. Give d(-4).
1
Let a(s) = 9*s**3 + s**2 - 2*s. Let k be (-2)/1 - (88 - 92). Determine a(k).
72
Let z(y) be the first derivative of 3/2*y**4 - 1/2*y**2 + 34 + 0*y + 2/3*y**3. What is z(1)?
7
Let v(m) be the third derivative of m**4/12 - m**3/2 + m**2. Let c = -130 + 141. Suppose 0 = c*l + 25 + 30. Calculate v(l).
-13
Let z(n) = -5*n